t r = -201 + 610. Is r composite?
False
Suppose -72242 - 189603 = -5*i. Is i prime?
True
Let r = -7280 + 10789. Let o = r + -2266. Is o composite?
True
Let c(j) = -j**2 - 15*j + 15. Let o be c(-15). Let v = 17 - o. Suppose -v*q = -278 - 224. Is q a composite number?
False
Suppose -4*w = p + 3*p - 48276, 0 = -3*w - 2*p + 36209. Is w a prime number?
True
Let n(z) be the first derivative of 310*z**3/3 - z**2 - 3*z - 44. Is n(-2) a composite number?
True
Let p(j) = -j**2 + 6*j + 15. Let t be p(8). Let a be (0 - t)/((-16)/32). Is (-1)/(a*1/262) a composite number?
False
Suppose -2369 = -a + 5*m - 9*m, 5*a - 11799 = 3*m. Is a a composite number?
True
Suppose -5*y - 53158 = -19*y. Is y a prime number?
True
Suppose -d = 2*g + 62 - 18123, -18043 = -2*g + 5*d. Is g composite?
False
Let p(z) = -73*z**3 - 2*z. Let k be p(-2). Suppose -h - 147 = 4*v, 0*h + 4*h - 5*v = -k. Let s = h - -634. Is s composite?
False
Suppose 742 = -3*i + 4*i. Suppose 0 = -m - 4 - 0. Is (i/m)/(1/(-2)) a composite number?
True
Let q(m) = -7*m + 9. Let i be q(-5). Let p = i - -49. Is p a composite number?
True
Let a(t) = 7*t + 3. Suppose -4 = -0*w - 4*w. Let o be 15/2 - w/(-2). Is a(o) a prime number?
True
Let v = -64 - -45. Is (0 - (-8823)/(-12))/(v/76) prime?
False
Let h(d) = 2*d**3 + 3*d**2 - d - 4. Let y be h(3). Suppose -3*a - y = -4*a. Suppose v - a = -0*v - 5*j, -4*v - 4*j + 312 = 0. Is v composite?
False
Let k(g) = -265*g + 72. Is k(-5) prime?
False
Is (-11299*(-4)/2)/2 a prime number?
True
Suppose 4*m + 2257 = 7*m - 2*r, -4*m = 2*r - 3028. Is m composite?
True
Let d = 13 + 14. Is -1*(-1 + 0)*(304 + d) composite?
False
Let i = 129 + -115. Suppose -i*d = -d - 22555. Is d a composite number?
True
Let f be (5 - -3)*(-2)/(-4). Suppose 0 = -4*d + f*c - 2*c + 16, -5*c = 10. Suppose -9 = -5*v - d*h + 32, -h + 37 = 5*v. Is v a prime number?
True
Suppose 5*f - w = 40, -5*w + 32 = 4*f - 3*w. Suppose 0 = -7*q + f*q - 499. Is q composite?
False
Is 44/286 - ((-151526)/13 + 2) prime?
False
Suppose 9 = -0*l + l + 2*k, -5*l = -k - 12. Suppose -z + l*q = 16, -3*z = -0*z - 4*q + 23. Is z/((-632)/628 - -1) a prime number?
True
Let m(q) be the first derivative of 40*q**2 - 29*q + 37. Is m(6) a prime number?
False
Suppose j - 4462 = -2*w - 3*j, 0 = 2*w - 5*j - 4417. Is w composite?
False
Let n = -4544 - -10741. Is n composite?
False
Suppose 0 = f - 2*a - 2*a - 8317, -4*f = 2*a - 33268. Is f prime?
True
Let u(p) be the first derivative of -37*p**3/3 - p - 2. Let n be u(1). Is n/3*6/(-4) a composite number?
False
Let l(b) = -7806*b**3 - 6*b**2 - 3*b + 4. Is l(-1) composite?
True
Let l = 8930 + -5736. Is l a prime number?
False
Let k(i) = i**2 + 9*i + 8. Let p be k(-8). Suppose p = 5*f - 11 - 39. Suppose -a = -57 - f. Is a a prime number?
True
Suppose -29 = -5*m + 4*n, 3*m - n + 0*n = 16. Suppose 0 = -0*k - k - a + 334, 0 = k - m*a - 316. Is k a composite number?
False
Let n(r) = -r**3 - 3*r**2 + 21*r + 2. Let k be n(-7). Is 0 + -4 + (-133)/(-21)*k a composite number?
True
Suppose 0*a = a + 4*o - 10, 10 = 3*a + 2*o. Suppose 2*f = -h + 1349, -f + 3*h + a*h + 669 = 0. Suppose 0*z = -2*z + f. Is z a prime number?
True
Let f(l) = 2*l**2 + 21*l + 23. Suppose -m = 2*x + 38, -5*m - 6 = -2*m. Is f(x) a prime number?
True
Suppose -2*a + 5*b + 5524 = 0, -552 = -a + 2*b + 2211. Is a a composite number?
False
Let h = -250 + 40. Let r = 1117 + h. Is r prime?
True
Let k(h) = -13*h + h**2 + 16*h - 11*h. Let b be k(6). Is 7119/(-6)*8/b composite?
True
Let q(m) = 44*m**2 + 34*m + 31. Is q(-7) a prime number?
True
Suppose -24 = 2*b - 2*s - 0*s, 3*b + 5*s = -4. Let r be -40*-38*(-2)/b. Suppose 0 = t + t + p - r, -3*t = p - 571. Is t composite?
False
Let d = 35646 + 35219. Is d composite?
True
Let l = -227 + 437. Suppose 4*h = 1702 - l. Is h prime?
True
Let t(y) = -9 + 0 + 2*y - 2*y - 4*y. Is t(-6) a composite number?
True
Let c be (3 - -1)/4 + 1. Suppose 0 = -2*u - w + 3005, -c*w + 6016 = 4*u + 2*w. Is u a prime number?
False
Suppose -10*s + 14*s - 792 = 0. Suppose -6*q = -s - 1344. Is q a prime number?
True
Suppose -u = -4*u - 30. Let o(x) = -x**3 - 11*x**2 - 12*x - 15. Let d be o(u). Is 354/d - 2/(-10) prime?
True
Let a(v) = 1336*v**2 + 2*v - 2. Let s be a(1). Suppose -3*o + s = 4*u, -2134 = -4*u + 2*o - 818. Is u composite?
False
Suppose 1733 = 5*d - s, d - 2*s - 340 = -4*s. Let b = -964 + 1545. Let n = b - d. Is n a composite number?
True
Let w be 1*-5*((-5464)/5)/2. Suppose 2*n = -r - r + 1362, 0 = -4*n - 2*r + w. Is n a prime number?
False
Suppose -4873 = 3*d - 5*i, -4*d + i - 8085 = d. Let t = -607 - d. Is t a composite number?
False
Let i(u) = -u**3 + 6*u**2 + 2*u - 6. Let r be i(6). Let b be (326/r)/(8/24). Let n = 0 + b. Is n prime?
True
Let w be (0 + 0)/(9/(-9)). Let o be w/(-1*(0 - -1)). Suppose -m - 657 = -2*n, -3*n + o*m + 990 = 3*m. Is n a composite number?
True
Let f = 11 + -3. Suppose 4 - f = 2*k - t, -5*t = 5*k - 20. Is (k + -3 - 1) + 773 composite?
False
Let b = 99 - 154. Let j = b + 144. Is j prime?
True
Suppose -4*p = 2*o + 1662, 0*o = 4*p + 3*o + 1661. Let u = p + 1135. Is u a composite number?
False
Suppose 9*z - 2*g - 16345 = 4*z, -6527 = -2*z + 3*g. Is z composite?
False
Let o = -23726 + 34963. Is o prime?
False
Suppose -2*q - 3*r = -19330, -12*q + r = -9*q - 28984. Is q composite?
True
Suppose 79129 = 23*n - 10525. Is n composite?
True
Let o be ((-3)/(-3))/(-3 + 2). Let z(x) = -x**3 + 2*x**2 + x. Let n be z(o). Let c(l) = 52*l**2 + 3. Is c(n) composite?
False
Suppose 33*u - 626405 - 270964 = 0. Is u prime?
False
Let p(q) = 143*q - 4. Let n be p(9). Suppose -5*y + n + 602 = 0. Is y composite?
True
Let a(d) be the third derivative of -5/6*d**3 + 9*d**2 + 0 + 0*d + 1/10*d**5 - 1/120*d**6 - 1/6*d**4. Is a(-6) a composite number?
True
Suppose 155*a - 148*a - 2555 = 0. Is a composite?
True
Let j(r) = 13*r + 7. Let c(o) = -38*o - 20. Let y(m) = 6*c(m) + 17*j(m). Suppose 20 = -4*g + 2*g. Is y(g) a prime number?
False
Suppose 22 = 2*m - 28. Let f = -25 + m. Suppose -4*q + 3*u + f*u + 1187 = 0, 5*u = -2*q + 561. Is q a composite number?
False
Suppose -f - 731 = 301. Let p = -673 - f. Let c = p + -182. Is c a composite number?
True
Let d be (-3)/(6/(-1658)) + -2 - 0. Let m = 1590 + d. Is m a composite number?
False
Let i(d) = 2*d**3 - 4*d**2 + 10*d - 2. Let a be (-2 - -2) + 2 - -5. Let h be i(a). Let s = h - 299. Is s composite?
True
Let n = 752 - 519. Let x be 2/(-6) - 898/6. Let y = n + x. Is y a composite number?
False
Let r = -23 - -35. Suppose r + 0 = 3*q. Suppose -5*i = -q*i - 2111. Is i prime?
True
Let u(d) = -d**3 - 9*d**2 + 5669. Is u(0) a composite number?
False
Let i be 6/2*-2 + -4. Let n = 12 + i. Let b(c) = 27*c**3 - c**2 - 2*c + 3. Is b(n) a composite number?
False
Suppose -2*o - 9102 = -8*o. Is o prime?
False
Is (91/(-28))/13 - 131306/(-8) prime?
False
Let z(u) = u**3 - 4*u**2 - 9*u + 1. Let s be z(6). Suppose 5*r - s = 376. Is r a composite number?
False
Let y(q) = 2*q**2 - 13*q - 6. Suppose -11 + 4 = -r. Let n = 6 + r. Is y(n) a prime number?
True
Suppose 137*x + 57339 = 1742576. Is x a composite number?
False
Let w(t) = -t**3 + 7*t**2 - 7*t + 8. Let a be w(6). Suppose -4 = -a*r - b, 2*b = -b - 12. Suppose 188 = -0*x + r*x. Is x composite?
False
Is 4 - ((-34)/119 - (-1040523)/(-21)) composite?
True
Let k(d) = 5*d - 7. Let j(w) = 3 - w + 4 + 6 - 9*w. Let p(g) = 2*j(g) + 5*k(g). Is p(4) prime?
True
Suppose v - 8152 = -i, 0 = v - 4*i - 2679 - 5448. Is v composite?
False
Suppose -77 = -2*g - 9. Let m = -28 - g. Is 2/(12/m)*-15 a prime number?
False
Let b be 6/(-1 + -2 + (-33)/(-9)). Is (-763)/(-9) - (-2)/b composite?
True
Let g(j) = 2409*j**2 + 19*j - 61. Is g(4) prime?
False
Is (-14371)/((-10)/6 + 42/63) a prime number?
False
Suppose i + 2*i + 63 = 0. Is (i/(-3))/(3/177) a composite number?
True
Let t(b) = 22 + b**3 + 4*b - b - 2*b - 16*b**2. Is t(16) prime?
False
Suppose 5 = -5*i, -4*i + i - 7 = 4*t. Is -331*(2/t - -1) prime?
True
Suppose -13*a = -5*a + 96. Is (-15772)/(-16) + a/16 a prime number?
False
Is (-41 - -48) + (20256 + -2 - 0) prime?
True
Let x = -9 - -12. Suppose x*d = -23 - 25. Let j = -2 - d. Is j a composite number?
True
Suppose -3*u = -3*j + 9055 - 2881, 4*u = -j + 2083. Is j composite?
False
Let t(o) = o**3 - 12*o**2 - 19*o - 13. Let s be (5 - (-125)/(-10))/((-2)/4)